?
7
Suppose 0 = 5*p - 4*a - 18825, 2*a + 9769 = 4*p - 5285. What is the tens digit of p?
6
Suppose 2*j - 3*i - 10 = 0, 0 = -2*i + 6*i. Let o be (10/(-8))/(j - 42/8). Suppose -5*b + 3*a = -99, o*b - 76 = b + 4*a. What is the units digit of b?
1
Suppose -3*h = -5*g - 75, 0*g - 4*g = h + 60. Let s = g - -11. What is the tens digit of (-30192)/(-216) - s/18?
4
Suppose -50*v + 63541 + 81809 = 0. What is the hundreds digit of v?
9
Let i(k) be the first derivative of 2*k**3/3 - 62*k + 34. What is the units digit of i(-14)?
0
Let j(v) = -1549*v + 735. What is the hundreds digit of j(-2)?
8
What is the hundreds digit of ((-2)/(-13) - 1228/208)/(2/(-9032))?
9
What is the tens digit of (-17 - -12)/((-15)/1368)?
5
Suppose -2 = 28*z - 29*z. Let s = 9 - -41. Suppose -z*o + 171 = o - 4*m, -o + s = m. What is the tens digit of o?
5
Let k(j) = 8*j + 26 - 15 + 81. What is the hundreds digit of k(19)?
2
What is the hundreds digit of (-96)/(5 - -11) - (-75572 - 5)?
5
Let f(p) = -p**3 + 48*p**2 - 119*p - 59. Let o be f(44). Suppose -3*b = -4*n - o - 1596, 5*n = 25. What is the units digit of b?
5
Suppose -19*r = -6*r. Suppose r = -5*i - j + 6443, 5*j - 1279 = -i - 0*i. What is the tens digit of i?
8
Suppose -2*d + 34 = 2*s, -14 = 4*d - 6. Suppose -y + s = -33. Suppose 4*b - 2*u - y = 0, -b - 12 = 2*u - 35. What is the units digit of b?
5
What is the tens digit of (-7)/((-504)/6560840) + (-4)/(-18)?
2
Let k(d) = -100*d**3 - 3*d**2 + 3*d - 2. Let u be k(1). Let s = 487 + u. What is the tens digit of s?
8
Let r(z) = -z**2 - 15*z + 26. Let m be r(-16). Suppose -m*v = -v - 36. Suppose -w = 2*j - 34, w + 20 = -v*w. What is the units digit of j?
9
Suppose -5*r - 117 + 6433 = -2*g, r = g + 1265. Let c = r - 718. What is the units digit of c?
4
Suppose -2*k + 7*k = -4*a + 63915, k = -2*a + 31959. What is the units digit of a?
0
Suppose 2*x - 45 = -39. Suppose -2*i - x*l - 9 = -4*i, -5*i + 5*l + 25 = 0. Suppose i*p = 103 + 281. What is the units digit of p?
4
Suppose 0 = -3*z + 5*j - 1204, -z + j = 2*z + 1184. Let g = -261 - z. What is the hundreds digit of g?
1
Let q(r) = r**3 - 5*r**2 - 8*r + 16. Let a be q(6). What is the tens digit of (a/(-1))/(6 - 10)*92?
9
Let m be -7 - 11/((-22)/12). What is the units digit of (m + 76/10)/((-68)/(-6460))?
7
Let u be 5*(33/60 - 3/(-12)). Suppose 550 = -u*l + 2346. What is the units digit of l?
9
Let u be ((11 - 6)*1 + -8)/(-3). Let j(b) = 984*b**2 - 5*b - 1. What is the tens digit of j(u)?
7
Suppose 0 = 78*m - 99948 - 96846. What is the thousands digit of m?
2
Let y = 34 + -22. Let l be ((-12)/(-4))/(-12) + 27/y. Suppose x - 132 = a - l*a, -519 = -4*x - a. What is the hundreds digit of x?
1
Let q(x) = 3*x - 23. Let y be q(10). Let i be ((3 - y)/(-4))/((-1)/2). What is the tens digit of 5*i/(-10) - -133?
3
Suppose 0 = 98*k - 96*k - 5264. Suppose -k = 7*z - 11*z + 4*u, 1320 = 2*z - 4*u. What is the units digit of z?
6
Suppose -10 = -4*p - 2*d - 6, 3*p = -2*d + 4. Suppose p = 4*r - 2*s - 2347 - 3, -2*s = -3*r + 1761. What is the hundreds digit of r?
5
What is the thousands digit of (11 - -78)/((54/(-81))/(1 + -175))?
3
Let k(n) = 25*n + 130. Let z be k(-5). Let p(l) = 7*l**3 - 8*l**2 + 10*l - 17. What is the hundreds digit of p(z)?
7
Suppose -y = -4*l - 35344, l + 65833 = 3*y - 40265. What is the hundreds digit of y?
3
Let g = 5 + 22. Suppose g*z - 11*z = 10848. What is the hundreds digit of z?
6
Let z = -74 - -148. Let h = -78 + z. Let q(n) = 11*n**2 + 4*n + 1. What is the units digit of q(h)?
1
Suppose 12*q - 46161 = 18333 + 11694. What is the hundreds digit of q?
3
What is the tens digit of (-1946690)/212*(-4)/10?
7
Suppose -119*g + 60245 = -93146. What is the tens digit of g?
8
Let a(o) = 6*o**2 + 55*o + 575. What is the tens digit of a(-30)?
2
Let u(g) = 4*g**2 - 7*g - 6. Let t be u(-1). Suppose t*m - 263 - 542 = 0. What is the units digit of m?
1
Let u(r) = 4*r - 36. Let h be u(11). Let n(m) = m**3 - 2*m**2 - 9*m + 4. What is the tens digit of n(h)?
1
Let p = 985 - 955. Suppose t = -5*w - 27, -5*t + w - 4*w = 69. Let i = p + t. What is the tens digit of i?
1
Let r(o) = 3880*o**3 - 2*o**2 + 25*o - 33. What is the tens digit of r(2)?
4
Let r = -8685 - -26156. What is the thousands digit of r?
7
Let s = -79 - -166. Let i = 251 + s. What is the tens digit of (-6)/(-15) - 9/((-45)/i)?
6
Suppose 41*s - 204080 = 25*s. What is the thousands digit of s?
2
Let x(s) = 137*s - 22*s - 33*s - 35*s - 31*s - 58. What is the hundreds digit of x(27)?
3
Suppose 23*o - m = 22*o + 2528, -2*m - 7585 = -3*o. What is the units digit of o?
9
Let k(w) = -10*w + 46 + 13*w + 14*w - 190 + 9*w + w**2. What is the tens digit of k(-46)?
7
Let g(x) = -43*x - 124. Let o(l) = -2*l**3 + 58*l**2 + 58*l + 36. Let a be o(30). What is the units digit of g(a)?
8
Suppose 0 = -4*u - 4*o - 164, 2*u + 0*o = 4*o - 70. Let x be u*(8/6)/(-4). Let g = 15 - x. What is the units digit of g?
2
Suppose -2*q + 12*q = 21258 + 73982. What is the hundreds digit of q?
5
Let s(q) = -q**2 + 7*q + 2. Let j be s(7). Let c(o) = -13*o**2 - 14*o**2 + 31*o**2 + 6 + j*o. What is the tens digit of c(-3)?
3
Let i be ((-4)/(-3))/((-10)/6 - -2). Suppose 4*u + 184 = i. Let b = u - -50. What is the units digit of b?
5
Let o(a) = -a**2 - 21*a - 1. Let p be o(-12). Let u be (p/1)/(19 - 18). Suppose -h = 5*n - 420, -5*n + h + 303 = -u. What is the tens digit of n?
8
Let f(m) = -m - 8 + 2 - m**3 + 0*m + 7*m**2 + 4*m. Let r be f(4). Let q = 106 - r. What is the units digit of q?
2
Suppose -7*u + 75 = -2*u. Let o be (1 - 1/1) + u. What is the units digit of (-4 - (-85)/25) + 1914/o?
7
Suppose 26376 = 166*f - 159*f. What is the thousands digit of f?
3
Suppose -3570 = 15*i - 29*i. Let m = i - -21. What is the tens digit of m?
7
Suppose 4*f + 83302 = 3*g + 28204, -4*g + 73465 = -5*f. What is the ten thousands digit of g?
1
Let z(m) = 2981*m + 1890. What is the hundreds digit of z(8)?
7
Let g(a) = 7*a**3 - 4*a**2 + 11*a - 17. Suppose 4*o = 2*y + 12, 3*y = -0*y + o + 2. What is the units digit of g(y)?
5
Let w(f) = f**3 - f**2 + 8*f + 12. Let m be w(7). Suppose 5*i - 1241 - 597 = 3*j, 0 = i - 2*j - m. What is the tens digit of i?
7
Suppose -4*n + m = -7, 0 = -3*n + m + 1 + 4. Let f(s) = -2 + 5 - 2*s**2 + 0*s**n + 6*s. What is the units digit of f(3)?
3
Let n(w) = 1584*w - 3192. What is the tens digit of n(5)?
2
Suppose 24 - 96 = 9*n. Let i(u) = u**3 + 12*u**2 + 13*u + 22. What is the units digit of i(n)?
4
Let y be ((-1)/(-10)*0)/(0 - -1). Suppose y = -p - 2 + 1, -b - 5*p = -917. What is the hundreds digit of b?
9
Suppose 10*m = -3*m - 6123. What is the tens digit of (-7)/((-105)/m)*-25?
8
Let r be 0 + (0 - (1 - 4 - -2)). Suppose -2*c + j = -r, 0*c - 4 = c + j. What is the hundreds digit of ((-1002)/(-30))/((-12)/15 - c)?
1
Suppose 5*s = -4*c - 0*s + 55, 31 = 2*c - s. Suppose -z + c - 57 = a, -5*z = -20. Let j = 197 - a. What is the tens digit of j?
4
Let o be 40/6*378/84. Suppose o*n - 18924 = 11*n. What is the hundreds digit of n?
9
Let t(h) = 475*h**2 - 60*h + 229. What is the hundreds digit of t(4)?
5
Let d = 12729 - -10714. What is the thousands digit of d?
3
Let f be (-1)/((-168)/170 - -1). Let h = -3413 - -3547. Let g = h + f. What is the tens digit of g?
4
Let f be 92*((9 - 1) + 1) - 2. Let b = f + -457. What is the units digit of b?
9
Suppose -5*o = -4*r - 3*o + 1104, 4*r + o = 1110. Let w = 388 - r. Let q = -76 + w. What is the units digit of q?
5
Let t(l) = -8*l**3 - 9*l**2 - 15*l - 4. Let q = -93 + 90. What is the tens digit of t(q)?
7
Suppose 2467 = 60*m - 4443353. What is the hundreds digit of m?
0
Suppose 0 = 7*q - 4*q - 273. Let i be (-60)/(-70) + (-352)/(-14). Let g = q - i. What is the units digit of g?
5
Suppose -32*l = 26*l - 297598. What is the hundreds digit of l?
1
Let h be (6 - -30)*2/6. Suppose -x - 3*x = -h. What is the tens digit of (-16)/x*(-234)/24?
5
Let a(k) = 2*k**2 - 50*k - 173. Suppose -98*d + 95*d = -114. What is the tens digit of a(d)?
1
What is the hundreds digit of 4 + -1 + -3 + (10127 - 6)?
1
Let b = -8320 + 14966. What is the hundreds digit of b?
6
Suppose 2*f = 11*f - 6*f. Suppose f = -2*b + g + 2556, 2*b = -b + g + 3836. What is the thousands digit of b?
1
What is the tens digit of -2 + 37794 + (-1 + 0)/((-46)/(-92))?
9
Let l(d) = 196*d**3 + 8*d**2 + 182*d - 721. What